n 3268 is divided by 216.
28
What is the remainder when 298 is divided by 134?
30
What is the remainder when 912029 is divided by 43?
42
What is the remainder when 4115 is divided by 98?
97
Calculate the remainder when 11554 is divided by 6.
4
Calculate the remainder when 55543 is divided by 505.
498
What is the remainder when 2967297 is divided by 213?
207
What is the remainder when 2487 is divided by 235?
137
Calculate the remainder when 238930 is divided by 39820.
10
Calculate the remainder when 58363 is divided by 4.
3
Calculate the remainder when 376571 is divided by 194.
17
What is the remainder when 1290 is divided by 1289?
1
Calculate the remainder when 87123 is divided by 2069.
225
What is the remainder when 32667 is divided by 2041?
11
Calculate the remainder when 14410 is divided by 1026.
46
Calculate the remainder when 91909 is divided by 104.
77
What is the remainder when 4131 is divided by 32?
3
What is the remainder when 1889 is divided by 4?
1
What is the remainder when 33743 is divided by 136?
15
Calculate the remainder when 59858 is divided by 57.
8
What is the remainder when 291638 is divided by 248?
238
What is the remainder when 67847 is divided by 33909?
29
Calculate the remainder when 368547 is divided by 122826.
69
Calculate the remainder when 8203 is divided by 130.
13
What is the remainder when 1682 is divided by 91?
44
What is the remainder when 4810 is divided by 4799?
11
Calculate the remainder when 3190 is divided by 84.
82
Calculate the remainder when 392765 is divided by 179.
39
What is the remainder when 12781 is divided by 197?
173
Calculate the remainder when 53437 is divided by 438.
1
What is the remainder when 1264 is divided by 227?
129
Calculate the remainder when 14438 is divided by 8.
6
What is the remainder when 61644 is divided by 386?
270
What is the remainder when 66026 is divided by 10?
6
What is the remainder when 75555 is divided by 25119?
198
What is the remainder when 2717857 is divided by 10?
7
Calculate the remainder when 72009 is divided by 34.
31
What is the remainder when 21201 is divided by 461?
456
Calculate the remainder when 62376 is divided by 16.
8
What is the remainder when 28029 is divided by 221?
183
What is the remainder when 2619 is divided by 147?
120
Calculate the remainder when 2231 is divided by 625.
356
Calculate the remainder when 422899 is divided by 90.
79
Calculate the remainder when 87535 is divided by 346.
343
Calculate the remainder when 2895 is divided by 73.
48
Calculate the remainder when 9569 is divided by 2355.
149
What is the remainder when 69983 is divided by 23297?
92
What is the remainder when 10553 is divided by 182?
179
Calculate the remainder when 390 is divided by 142.
106
Calculate the remainder when 161383 is divided by 251.
241
What is the remainder when 14761 is divided by 82?
1
Calculate the remainder when 46880 is divided by 173.
170
Calculate the remainder when 11973854 is divided by 1379.
1376
Calculate the remainder when 1046874 is divided by 144.
138
Calculate the remainder when 378479 is divided by 48.
47
Calculate the remainder when 5639 is divided by 91.
88
What is the remainder when 3303 is divided by 179?
81
What is the remainder when 170743 is divided by 3557?
7
Calculate the remainder when 235758 is divided by 531.
525
Calculate the remainder when 228190 is divided by 53.
25
Calculate the remainder when 2948 is divided by 1458.
32
What is the remainder when 126355 is divided by 477?
427
What is the remainder when 1528 is divided by 271?
173
Calculate the remainder when 173285 is divided by 25.
10
Calculate the remainder when 33158 is divided by 55.
48
Calculate the remainder when 31489 is divided by 399.
367
What is the remainder when 6641 is divided by 663?
11
Calculate the remainder when 1829 is divided by 1160.
669
Calculate the remainder when 6837 is divided by 91.
12
What is the remainder when 7433 is divided by 79?
7
Calculate the remainder when 1500 is divided by 117.
96
Calculate the remainder when 87075 is divided by 492.
483
What is the remainder when 3261 is divided by 1421?
419
What is the remainder when 15362 is divided by 7587?
188
What is the remainder when 17280 is divided by 170?
110
Calculate the remainder when 151609 is divided by 6317.
1
What is the remainder when 766852 is divided by 1113?
1108
What is the remainder when 132756 is divided by 81?
78
What is the remainder when 671 is divided by 194?
89
What is the remainder when 56606 is divided by 927?
59
Calculate the remainder when 3077 is divided by 415.
172
What is the remainder when 31227 is divided by 148?
147
What is the remainder when 3137 is divided by 3118?
19
Calculate the remainder when 18422 is divided by 256.
246
Calculate the remainder when 17730 is divided by 64.
2
What is the remainder when 13521 is divided by 3311?
277
What is the remainder when 831 is divided by 206?
7
Calculate the remainder when 1750 is divided by 770.
210
Calculate the remainder when 18657 is divided by 9167.
323
What is the remainder when 1694 is divided by 497?
203
Calculate the remainder when 2180 is divided by 600.
380
What is the remainder when 193702 is divided by 84?
82
Calculate the remainder when 16644 is divided by 25.
19
What is the remainder when 689143 is divided by 1969?
1962
What is the remainder when 308 is divided by 174?
134
Calculate the remainder when 622912 is divided by 77862.
16
What is the remainder when 2653 is divided by 376?
21
What is the remainder when 74212 is divided by 31?
29
What is the remainder when 116361 is divided by 115?
96
What is the remainder when 9336 is divided by 1157?
80
What is the remainder when 14289 is divided by 7083?
123
Calculate the remainder when 349 is divided by 180.
169
What is the remainder when 10203 is divided by 3327?
222
Calculate the remainder when 24568 is divided by 79.
78
What is the remainder when 421 is divided by 354?
67
Calculate the remainder when 17996 is divided by 26.
4
What is the remainder when 291232 is divided by 265?
262
Calculate the remainder when 5452 is divided by 81.
25
What is the remainder when 7512 is divided by 1844?
136
Calculate the remainder when 981 is divided by 445.
91
What is the remainder when 19112 is divided by 13?
2
What is the remainder when 22109 is divided by 459?
77
Calculate the remainder when 4618 is divided by 626.
236
What is the remainder when 3961 is divided by 1293?
82
Calculate the remainder when 549938 is divided by 495.
488
What is the remainder when 223243 is divided by 33?
31
Calculate the remainder when 31878 is divided by 31810.
68
What is the remainder when 10569 is divided by 969?
879
What is the remainder when 728541 is divided by 55?
11
What is the remainder when 21961 is divided by 328?
313
What is the remainder when 21273 is divided by 7088?
9
What is the remainder when 5684 is divided by 2732?
220
Calculate the remainder when 332585 is divided by 68.
65
What is the remainder when 24738775 is divided by 271?
269
Calculate the remainder when 2742383 is divided by 152.
151
What is the remainder when 31686 is divided by 10561?
3
What is the remainder when 29552 is divided by 5848?
312
Calculate the remainder when 4450 is divided by 1101.
46
Calculate the remainder when 3392 is divided by 356.
188
What is the remainder when 24750 is divided by 86?
68
What is the remainder when 6377 is divided by 49?
7
Calculate the remainder when 969 is divided by 142.
117
Calculate the remainder when 8915 is divided by 92.
83
What is the remainder when 15924 is divided by 339?
330
What is the remainder when 23548 is divided by 146?
42
What is the remainder when 287859 is divided by 34?
15
What is the remainder when 389693 is divided by 75?
68
Calculate the remainder when 106917 is divided by 12.
9
What is the remainder when 2714 is divided by 321?
146
Calculate the remainder when 13024 is divided by 2575.
149
Calculate the remainder when 283138 is divided by 10.
8
Calculate the remainder when 62061 is divided by 24.
21
Calculate the remainder when 14128 is divided by 71.
70
Calculate the remainder when 2429 is divided by 417.
344
What is the remainder when 1819381 is divided by 177?
175
Calculate the remainder when 47817 is divided by 47807.
10
Calculate the remainder when